 w(j) = 64*j**2 + 13*j - 46. Let h(x) = 17*b(x) + 4*w(x). Give h(2).
-127
Let f(g) = -3*g**3 + g**2 - g. Suppose 2*d = 155 - 49. Let j = d + -48. Suppose -5*i + 2*w = -0*w + 5, -5*w = j*i - 30. Calculate f(i).
-3
Let w(l) = 14*l - 4. Let a = -5244 + 5242. Calculate w(a).
-32
Let z(p) = -p**3 - 4*p**2 + p + 3. Suppose 0 = 3*l + 4*t - 7 - 20, 0 = l + 4*t - 1. Suppose 4 = 12*y - l*y. Give z(y).
-1
Let w(t) = 24*t**2 - 3*t + 4. Let d(p) = p**3 - 20*p**2 + 78*p - 44. Let q be d(15). Calculate w(q).
25
Let x be 14/(-4) + 301/86. Let t(s) = 0 - 2 + 6 + s + x - 3 - 3*s**2. Calculate t(1).
-1
Let s(v) be the third derivative of v**6/120 + v**5/10 - 7*v**4/24 - 4*v**3/3 - 3*v**2 - 39. Suppose 0 = 3*n - 4*c - 8 + 26, 5*n = 2*c - 30. Determine s(n).
34
Let t(d) = d - 9. Let v(u) = u**2 - 10*u + 3. Let w be v(7). Let o = w + 60. Let q be (15/10)/(9/o). Give t(q).
-2
Let s(b) = b**3 + 5*b**2 + 3*b - 7. Let z(x) = -x**2 - 6*x + 14. Let t be z(-8). Let y be ((-92)/115)/(t/(-10)). Determine s(y).
-3
Let s(x) = x**3 + 10*x**2 + 10*x - 7. Let u be s(-5). Let o = 73 - u. Suppose 0 = -f - 5*v + o, 0*f - 3*v = -2*f + 10. Let r(m) = -4*m + 6. Determine r(f).
-14
Let l be (-11130)/(-2385)*3/(-2). Let i(w) = 1. Let a(n) = -2*n - 7. Let t(c) = a(c) + 4*i(c). Calculate t(l).
11
Suppose 15*d - 2*k - 2 = 17*d, 11 = d + 4*k. Let m(r) = -3*r - 10. Determine m(d).
5
Let d(o) = 5*o + 7. Let t(y) = 3*y**2 - 46*y - 22. Let v(w) = -3*w**2 + 46*w + 23. Let h(k) = 3*t(k) + 4*v(k). Let m be h(16). Determine d(m).
-23
Let n(p) = -3*p - 4*p**2 + 116817287 - 116817279 + 3*p**2. Suppose 3*x = -x - 28. Determine n(x).
-20
Let u(g) be the first derivative of 1/2*g**2 + 6 - 1/3*g**3 + 2*g. Suppose 11*z - 9*z = -f - 8, 4*f + 5*z = -17. What is u(f)?
0
Suppose -m = 5*m - 18. Let c(q) = -12*q - 60. Let s be c(-5). Suppose s = -2*b - r - m, r + 8 = -b + 4*b. Let j(x) = -2*x**3 + 2*x**2 - 1. What is j(b)?
-1
Let g(z) = -3*z - 1. Suppose 14*k + 4*j = 10*k - 1212, -5*k - 3*j - 1521 = 0. Let q be (k/27)/(-17) + (-16)/6. Determine g(q).
5
Let j = 583 - 416. Let z(k) = -k + 56 - j + 61 + 58. Calculate z(7).
1
Suppose 19*y - 209 = -38. Let j(f) = 3*f + 3*f + y*f**2 + 0*f**2 - 7*f**2 - 4*f + 1 - 5*f**3. Give j(-1).
6
Let r(y) = 3*y**3 - 85*y**2 - 4*y - 28. Let h(q) = -q**3 + 30*q**2 + 2*q + 10. Let g(p) = -8*h(p) - 3*r(p). Give g(15).
-56
Let u(x) = -x - 3. Let p be 102/(-14) - 6/(-21). Let r be u(p). Let s(q) be the first derivative of q**2/2 - 9*q + 7. What is s(r)?
-5
Let t(o) = 2*o**3 + 2*o**2 + o + 1. Suppose -63 = -38*w + 29*w. Let i(x) = -x**3 + 9*x**2 - 15*x + 11. Let k be i(w). Suppose 6 + 2 = -k*r. What is t(r)?
-9
Let i(a) = a**2 - 13*a - 19. Suppose 0 = 5*x + s - 58, -362 = 2*s - 358. What is i(x)?
-31
Let y(t) = -11*t - 1. Let a(i) = -i**2 - 142*i - 50. Let w(c) = a(c) - 14*y(c). Determine w(9).
-9
Let p(n) = -4 - 3*n + 2 + 0. Let b(f) = -1611*f - 37052. Let s be b(-23). What is p(s)?
-5
Let w(g) = -45*g + 28*g + 28*g + 54 - 143. What is w(4)?
-45
Let w = -1980 + 1970. Let k(r) = r**3 + 9*r**2 - 13*r - 22. What is k(w)?
8
Suppose 2*k - 1 = -15. Let w(t) = 5*t**3 + 7*t**2 + 4*t - 16. Let x(n) = -6*n**3 - 7*n**2 - 5*n + 19. Let m(u) = k*w(u) - 6*x(u). Calculate m(7).
12
Let r(p) = -5*p + 5. Let k(d) = -4*d + 4. Let n(s) = -4*k(s) + 3*r(s). Suppose -13*c - 82 = 69*c. Give n(c).
-2
Let y(p) = 8*p**2 + 2*p. Let n(d) = -3*d + 11. Suppose -26*m - 2*b + 20 = -23*m, -4*b = -5*m + 4. Let k be n(m). Give y(k).
6
Let d(o) = 12*o + 33. Let v(l) = 19*l + 56. Let y(f) = -8*d(f) + 5*v(f). Calculate y(6).
10
Let k = -59 + 80. Let t(v) = k - v**3 + 5*v - 34 - 4*v**2 + 15. Determine t(-4).
-18
Let w(t) = -t**3 - 4*t**2 - 4*t - 1. Let m(j) = 4*j**3 + 15*j**2 + 16*j + 3. Let c = 71 - 73. Let f(s) = c*m(s) - 9*w(s). Calculate f(-2).
11
Let n(p) = 6*p + 4 + 5*p**2 + p**3 - 9 - 6*p - 2*p**3. Determine n(4).
11
Let k(s) = 2*s + 14. Let u(j) = j + 2. Let c(l) = k(l) - 3*u(l). Let b be ((-90)/36)/(5/(-14)). Determine c(b).
1
Suppose 12*r - 5*c = 15*r + 12, -3*c - 8 = r. Let w(h) = 5*h + 4 - 12 - 2*h + 2*h - r. Give w(6).
21
Let h(q) = q**3 + 24*q**2 - q - 29. Let s be h(-24). Suppose -3 + 5 = 2*y - 2*r, 2*y + 4*r = 20. Let x(j) = -4 - y*j + 3*j**2 - 5*j + j**3 + 2*j. Give x(s).
-19
Let s = 4 - 2. Let y(r) = 3*r**2 - 25*r**3 - 2 + 1 - r**s. Let v = 71 - 70. Calculate y(v).
-24
Let r(g) = -49*g + g**2 + 177*g - 35 - 59*g - 49*g. Determine r(-21).
-14
Let x = 247 - 243. Let d be 0 + (x - (-49)/(-7)). Let s(f) = -f**3 - f**2 + 3*f + 3. Determine s(d).
12
Let a(k) = 7*k + 69. Let f(u) = 8*u + 83. Let y(m) = 4*a(m) - 3*f(m). Determine y(4).
43
Let t(h) = -24*h - 34. Let x(c) = 63*c + 103. Let d(n) = 8*t(n) + 3*x(n). Determine d(11).
4
Let x(n) = -8*n + 27. Let w be x(-7). Let b = w - 74. Suppose b*o + o = -10. Let i(g) = -9*g**3 - g**2 - g. What is i(o)?
9
Let u(i) = -i**3 - 5*i**2 + 21*i - 36. Let d be u(2). Let k(p) = -p**3 - 23*p**2 - 20*p + 39. Give k(d).
-5
Let i(n) = -2*n**2 - n - 38 + 35 + 5*n. Let o(z) = -5*z**3 - 2*z**2 + 7*z + 7. Let x be o(-4). Let h = x + -265. What is i(h)?
-3
Let w(x) = -x - x**2 + 3 + x - 5*x. Let j be 6 - 6 - -2 - -12. Suppose -3*z = -z + j. What is w(z)?
-11
Suppose -j = -4*t + 21, -117*j = -5*t - 115*j + 27. Let l(c) be the third derivative of -c**4/12 + c**3/6 - 10*c**2. Determine l(t).
-9
Let p(n) = 30*n**2 - 2*n + 3. Let f(m) = 22*m - 1011. Let k be f(46). Calculate p(k).
31
Let r(x) = -5*x**3 - 5*x**2 + 21*x - 3. Let z(p) = 17*p**3 + 16*p**2 - 64*p + 11. Let f(q) = 7*r(q) + 2*z(q). What is f(-6)?
-5
Let o(l) = 3*l**2 + 48*l + 247. Let d(k) = 2*k**2 + 32*k + 163. Let i(j) = 8*d(j) - 5*o(j). What is i(-8)?
5
Let d(c) = c**3 + 2*c - 10. Let r be 2*(-5)/(-5) + (4 - 15/5). Calculate d(r).
23
Let u(q) = 3*q - 62. Suppose 3*t = -r - 263 + 304, 4*r - t - 112 = 0. Give u(r).
25
Let p(q) be the first derivative of -5*q**2/2 + 105*q + 3139. Determine p(22).
-5
Let h(j) be the third derivative of j**6/60 + 2*j**5/15 - 11*j**4/24 - 7*j**3/6 + 81*j**2 + 3. Give h(-5).
-2
Let o(r) = 3*r + 2. Suppose -633*b = -644*b + 99. Suppose -b + 29 = 5*k, 0 = -5*s - 2*k - 22. Give o(s).
-16
Let m(p) = -1 + 23*p**2 + 39*p**2 + 22*p - 59*p**2. Determine m(-8).
15
Let z = -741 - -747. Let q be (-14 - 0) + 0/(z/1). Let v(j) = 2*j + 32. Give v(q).
4
Let s(f) = -2*f - 1. Let g(x) = 21*x + 24. Let d be g(3). Let o = d - 84. Suppose -o + 7 = -2*l. What is s(l)?
3
Suppose -4 = -4*u, 3*h = 2*u + 4 - 15. Let r be 119/6 - h/(-18)*-1. Suppose -16*z = -r*z - 8. Let x(d) = -d**3 - d**2 + d + 1. Calculate x(z).
3
Let k(q) = q**3 - 25*q**2 - 160*q + 2129. Let p be k(28). Let l(b) be the third derivative of b**5/60 - b**4/24 + 2*b**2. Calculate l(p).
0
Let d(u) = -2*u**2 + 17 - 30 - 26*u + 33*u. Calculate d(2).
-7
Let k(p) be the first derivative of p**3 + 4*p**2 - 5*p + 254. What is k(-6)?
55
Let j(z) = -z**2 - 10*z - 13. Let h be j(-7). Let g(f) = 8 - 53*f - 52*f + 213*f - 59*f - 51*f. Calculate g(h).
-8
Let t(j) = -j + 32 + 25 - j - 48 + j**2 - 6*j. What is t(5)?
-6
Let x(b) = -b - 102. Let w = 1903 + -1903. Give x(w).
-102
Let z be 56/4*(-18)/12. Let k = z + 34. Let l(i) = i**2 - 13*i + 6. What is l(k)?
6
Let j be (-5 + 6 - 1)/(-2 + 1). Let x(s) be the first derivative of -s**3/6 + 9*s**2/2 - s + 9. Let m(q) be the first derivative of x(q). Give m(j).
9
Let l(v) = -v**3 + 23*v**2 + 25*v + 44. Let h(u) = -2*u**3 - 89*u**2 - 28*u + 728. Let k be h(-44). Determine l(k).
68
Suppose 0 = 2*o + 3*l - 1 + 10, 4*o = -2*l + 2. Suppose 0 = -5*h + c + 5, -2*h + 3*c = o*h + 5. Let k(s) = -4*s - 12 + 9 + 8*s**2 - 7*s**h. Calculate k(4).
-3
Let d(w) = -132*w**2 - w - w + 4 + 4 + 133*w**2 - 2. Give d(3).
9
Let o(i) = 3516 + 10*i - i**3 - 7055 + 3597 + 13*i**2. What is o(14)?
2
Let h(a) = 12*a + 41. Suppose 198*s + 1035 + 549 = 0. Give h(s).
-55
Let r be 288/648*(-18)/(-4). Let k(f) = 3*f**3 - 10*f**2 + 15*f - 2. Give k(r).
12
Let n(k) = 3*k**2 + 41*k + 7. Let w(c) = -c**2 - 13*c - 2. Let p(z) = 2*n(z) + 7*w(z). Suppose 3*h - 10*h - 63 = 0. Give p(h).
0
Let q(h) be the third derivative of -h**6/240 - h**5/30 - h**4/24 - 55*h**3/6 - 4*h**2 - 30. Let m(p) be the second derivative of q(p). What is m(5)?
-19
Suppose 369*i - 10 = -2*x + 368*i, 3*x = 5*i + 54. Let q(h) = h**3 - 9*h**2 + 11*h - 20. Determine q(x).
4
Let k(w) = w - 20. Let g